{"id":1941,"date":"2021-03-24T19:11:58","date_gmt":"2021-03-24T19:11:58","guid":{"rendered":"https:\/\/mesquedisseny.com\/?page_id=1941"},"modified":"2022-01-17T06:54:32","modified_gmt":"2022-01-17T06:54:32","slug":"maria-2","status":"publish","type":"page","link":"https:\/\/mesquedisseny.com\/index.php\/maria-2\/","title":{"rendered":"Sobre m\u00ed"},"content":{"rendered":"\n<div style=\"height:26px\" aria-hidden=\"true\" class=\"wp-block-spacer\"><\/div>\n\n\n\n<p><\/p>\n\n\n\n<p><\/p>\n\n\n\n<div class=\"wp-block-columns\">\n<div class=\"wp-block-column\">\n<p><\/p>\n\n\n\n<p><\/p>\n\n\n\n<p><\/p>\n\n\n\n<figure class=\"wp-block-image size-full is-resized is-style-default\"><img loading=\"lazy\" src=\"https:\/\/mesquedisseny.com\/wp-content\/uploads\/2022\/01\/res_1605552874122_20210101100945186-1-scaled-e1641979102109.jpg\" alt=\"\" class=\"wp-image-3057\" width=\"480\" height=\"641\" srcset=\"https:\/\/mesquedisseny.com\/wp-content\/uploads\/2022\/01\/res_1605552874122_20210101100945186-1-scaled-e1641979102109.jpg 1544w, https:\/\/mesquedisseny.com\/wp-content\/uploads\/2022\/01\/res_1605552874122_20210101100945186-1-scaled-e1641979102109-224x300.jpg 224w, https:\/\/mesquedisseny.com\/wp-content\/uploads\/2022\/01\/res_1605552874122_20210101100945186-1-scaled-e1641979102109-768x1027.jpg 768w, https:\/\/mesquedisseny.com\/wp-content\/uploads\/2022\/01\/res_1605552874122_20210101100945186-1-scaled-e1641979102109-1149x1536.jpg 1149w, https:\/\/mesquedisseny.com\/wp-content\/uploads\/2022\/01\/res_1605552874122_20210101100945186-1-scaled-e1641979102109-1532x2048.jpg 1532w, https:\/\/mesquedisseny.com\/wp-content\/uploads\/2022\/01\/res_1605552874122_20210101100945186-1-scaled-e1641979102109-600x802.jpg 600w\" sizes=\"(max-width: 480px) 100vw, 480px\" \/><\/figure>\n<\/div>\n\n\n\n<div class=\"wp-block-column\">\n<p>Graduada en <strong>Dise\u00f1o de Interiores por la EASD de Valencia<\/strong>, con <strong>M\u00e1ster en dise\u00f1o de espacios comerciales (Retail Design)<\/strong> realizado en la Escuela Superior de Dise\u00f1o de Barcelona (<strong>EsDesign<\/strong>), y titulada como&nbsp;<strong>consultora de Feng Shui por la Escuela Europea de Feng Shui<\/strong> <strong>(EEFS)<\/strong>. N\u00famero de colegiado <strong>CDI CV<\/strong>: 200.<\/p>\n<p><\/p>\n<p><span style=\"color: #000000;\"><a style=\"color: #000000;\" href=\"http:\/\/www.fengshuieuropa.com\/curriculums\/maria-corella.html\" target=\"_blank\" rel=\"noopener noreferrer\">http:\/\/www.fengshuieuropa.com\/curriculums\/maria-corella.html<\/a><\/span><\/p>\n<p><span style=\"color: #000000;\"><a style=\"color: #000000;\" href=\"https:\/\/www.cdicv.com\/socios\/maria-corella-fernandez\" target=\"_blank\" rel=\"noopener noreferrer\">https:\/\/www.cdicv.com\/socios\/maria-corella-fernandez<\/a><\/span><\/p>\n<p><\/p>\n<p>Enamorada de mi trabajo, mi ilusi\u00f3n siempre ha sido poder combinar mi creatividad con la armon\u00eda energ\u00e9tica de los espacios, con el fin de contribuir a mejorar la vida de mis clientes y, por lo tanto, a su felicidad. Gracias a mi formaci\u00f3n como consultora de Feng Shui, he aprendido que <strong>el dise\u00f1o del espacio no se puede entender sin tener presente la armon\u00eda energ\u00e9tica del mismo<\/strong>. Solo as\u00ed podemos conseguir que realmente funcione y, por tanto, que repercuta positivamente en tu vida.&nbsp;<\/p>\n<p><\/p>\n<p>Me considero una dise\u00f1adora elegante, a la que atrae la sobriedad en el dise\u00f1o de viviendas, la armon\u00eda en la elecci\u00f3n de materiales, y que adora dar rienda suelta a su imaginaci\u00f3n y arriesgar cuando el cliente lo requiere, o cuando se trata de espacios comerciales. Mi pasi\u00f3n por las plantas y la naturaleza aporta a mis dise\u00f1os esa calidez y vida de la que gozan los espacios arm\u00f3nicos y equilibrados.<\/p>\n<\/div>\n<\/div>\n\n\n\n<div style=\"height:73px\" aria-hidden=\"true\" class=\"wp-block-spacer\"><\/div>\n\n\n\n<div class=\"wp-block-columns\">\n<div class=\"wp-block-column\">\n<p class=\"has-normal-font-size\">Comenc\u00e9 mis estudios universitarios en la Facultad de Arquitectura Superior de la Universidad Polit\u00e9cnica de Valencia motivada por mi destreza con el dibujo y mi&nbsp; capacidad&nbsp; creativa,&nbsp; y&nbsp; ese fue mi primer contacto con el mundo del dise\u00f1o, en el que decid\u00ed profundizar cuando inici\u00e9 mis estudios de&nbsp; interiorismo en la EASD de Valencia. Una vez titulada como interiorista, me form\u00e9 como consultora de Feng&nbsp; Shui en la EEFS y, en 2020, finalic\u00e9 el m\u00e1ster en Retail Design en EsDesign Barcelona. En la carrera de Interiorismo se hace hincapi\u00e9 sobre todo en el dise\u00f1o de viviendas, por lo que realizar el m\u00e1ster me ha ayudado a completar&nbsp; mis conocimientos en ese \u00e1rea. Esta rama del dise\u00f1o de&nbsp; interiores me&nbsp; interesa mucho teniendo en cuenta mi perfil laboral y la riqueza creativa que suelen precisar este tipo de espacios. Mi experiencia profesional est\u00e1 relacionada, por un lado, con el \u00e1rea comercial y la direcci\u00f3n de equipos, habiendo pasado por dos empresas muy importantes dentro de sus respectivos sectores, Andreu World S.A. y Banco Santander S.A. y, por otro, con el dise\u00f1o de interiores en Studio Soc Bou (Granada) y Nonna Design (Valencia).<\/p>\n<p><\/p>\n<p>En 2021 decido emprender un nuevo camino fundando <strong>M\u00c9S QUE DISSENY STUDIO, <\/strong>con el \u00fanico objetivo y la \u00fanica ilusi\u00f3n de <strong>mejorar tu vida<\/strong>, utilizando el dise\u00f1o y el trabajo de la armon\u00eda energ\u00e9tica del espacio como herramientas de \u00e9xito. Porque, como ya he comentado, <strong>el dise\u00f1o del espacio no se puede entender sin tener presente la armon\u00eda energ\u00e9tica del mismo<\/strong>. Solo as\u00ed podemos conseguir que realmente funcione y, por tanto, que repercuta positivamente en tu vida. Junto a ti hacemos <strong>m\u00e1s que dise\u00f1o<\/strong>.<\/p>\n\n\n\n<p><\/p>\n<\/div>\n\n\n\n<div class=\"wp-block-column\">\n<div class=\"wp-block-image\"><figure class=\"alignright size-large is-resized\"><img loading=\"lazy\" src=\"https:\/\/mesquedisseny.com\/wp-content\/uploads\/2020\/11\/20201116_205656.jpg\" alt=\"\" class=\"wp-image-1279\" width=\"473\" height=\"629\" srcset=\"https:\/\/mesquedisseny.com\/wp-content\/uploads\/2020\/11\/20201116_205656.jpg 1712w, https:\/\/mesquedisseny.com\/wp-content\/uploads\/2020\/11\/20201116_205656-225x300.jpg 225w, https:\/\/mesquedisseny.com\/wp-content\/uploads\/2020\/11\/20201116_205656-768x1023.jpg 768w, https:\/\/mesquedisseny.com\/wp-content\/uploads\/2020\/11\/20201116_205656-1153x1536.jpg 1153w, https:\/\/mesquedisseny.com\/wp-content\/uploads\/2020\/11\/20201116_205656-1538x2048.jpg 1538w, https:\/\/mesquedisseny.com\/wp-content\/uploads\/2020\/11\/20201116_205656-600x799.jpg 600w\" sizes=\"(max-width: 473px) 100vw, 473px\" \/><\/figure><\/div>\n\n\n\n<p><\/p>\n<\/div>\n<\/div>\n\n\n\n<div style=\"height:42px\" aria-hidden=\"true\" class=\"wp-block-spacer\"><\/div>\n\n\n\n<div class=\"wp-block-columns\"><\/div>\n","protected":false},"excerpt":{"rendered":"<p>Graduada en Dise\u00f1o de Interiores por la EASD de Valencia, con M\u00e1ster en dise\u00f1o de espacios comerciales (Retail Design) realizado en la Escuela Superior de Dise\u00f1o de Barcelona (EsDesign), y titulada como&nbsp;consultora de Feng Shui por la Escuela Europea de Feng Shui (EEFS). N\u00famero de colegiado CDI CV: 200. http:\/\/www.fengshuieuropa.com\/curriculums\/maria-corella.html https:\/\/www.cdicv.com\/socios\/maria-corella-fernandez Enamorada de mi trabajo, [&hellip;]<\/p>\n","protected":false},"author":1,"featured_media":0,"parent":0,"menu_order":0,"comment_status":"closed","ping_status":"closed","template":"","meta":[],"_links":{"self":[{"href":"https:\/\/mesquedisseny.com\/index.php\/wp-json\/wp\/v2\/pages\/1941"}],"collection":[{"href":"https:\/\/mesquedisseny.com\/index.php\/wp-json\/wp\/v2\/pages"}],"about":[{"href":"https:\/\/mesquedisseny.com\/index.php\/wp-json\/wp\/v2\/types\/page"}],"author":[{"embeddable":true,"href":"https:\/\/mesquedisseny.com\/index.php\/wp-json\/wp\/v2\/users\/1"}],"replies":[{"embeddable":true,"href":"https:\/\/mesquedisseny.com\/index.php\/wp-json\/wp\/v2\/comments?post=1941"}],"version-history":[{"count":70,"href":"https:\/\/mesquedisseny.com\/index.php\/wp-json\/wp\/v2\/pages\/1941\/revisions"}],"predecessor-version":[{"id":3087,"href":"https:\/\/mesquedisseny.com\/index.php\/wp-json\/wp\/v2\/pages\/1941\/revisions\/3087"}],"wp:attachment":[{"href":"https:\/\/mesquedisseny.com\/index.php\/wp-json\/wp\/v2\/media?parent=1941"}],"curies":[{"name":"wp","href":"https:\/\/api.w.org\/{rel}","templated":true}]}}

Sobre mí

<div style="height:26px" aria-hidden="true" class="wp-block-spacer"></div>



<p></p>



<p></p>



<div class="wp-block-columns">
<div class="wp-block-column">
<p></p>



<p></p>



<p></p>



<figure class="wp-block-image size-full is-resized is-style-default"><img loading="lazy" src="https://mesquedisseny.com/wp-content/uploads/2022/01/res_1605552874122_20210101100945186-1-scaled-e1641979102109.jpg" alt="" class="wp-image-3057" width="480" height="641" srcset="https://mesquedisseny.com/wp-content/uploads/2022/01/res_1605552874122_20210101100945186-1-scaled-e1641979102109.jpg 1544w, https://mesquedisseny.com/wp-content/uploads/2022/01/res_1605552874122_20210101100945186-1-scaled-e1641979102109-224x300.jpg 224w, https://mesquedisseny.com/wp-content/uploads/2022/01/res_1605552874122_20210101100945186-1-scaled-e1641979102109-768x1027.jpg 768w, https://mesquedisseny.com/wp-content/uploads/2022/01/res_1605552874122_20210101100945186-1-scaled-e1641979102109-1149x1536.jpg 1149w, https://mesquedisseny.com/wp-content/uploads/2022/01/res_1605552874122_20210101100945186-1-scaled-e1641979102109-1532x2048.jpg 1532w, https://mesquedisseny.com/wp-content/uploads/2022/01/res_1605552874122_20210101100945186-1-scaled-e1641979102109-600x802.jpg 600w" sizes="(max-width: 480px) 100vw, 480px" /></figure>
</div>



<div class="wp-block-column">
<p>Graduada en <strong>Diseño de Interiores por la EASD de Valencia</strong>, con <strong>Máster en diseño de espacios comerciales (Retail Design)</strong> realizado en la Escuela Superior de Diseño de Barcelona (<strong>EsDesign</strong>), y titulada como&nbsp;<strong>consultora de Feng Shui por la Escuela Europea de Feng Shui</strong> <strong>(EEFS)</strong>. Número de colegiado <strong>CDI CV</strong>: 200.</p>
<p></p>
<p><span style="color: #000000;"><a style="color: #000000;" href="http://www.fengshuieuropa.com/curriculums/maria-corella.html" target="_blank" rel="noopener noreferrer">http://www.fengshuieuropa.com/curriculums/maria-corella.html</a></span></p>
<p><span style="color: #000000;"><a style="color: #000000;" href="https://www.cdicv.com/socios/maria-corella-fernandez" target="_blank" rel="noopener noreferrer">https://www.cdicv.com/socios/maria-corella-fernandez</a></span></p>
<p></p>
<p>Enamorada de mi trabajo, mi ilusión siempre ha sido poder combinar mi creatividad con la armonía energética de los espacios, con el fin de contribuir a mejorar la vida de mis clientes y, por lo tanto, a su felicidad. Gracias a mi formación como consultora de Feng Shui, he aprendido que <strong>el diseño del espacio no se puede entender sin tener presente la armonía energética del mismo</strong>. Solo así podemos conseguir que realmente funcione y, por tanto, que repercuta positivamente en tu vida.&nbsp;</p>
<p></p>
<p>Me considero una diseñadora elegante, a la que atrae la sobriedad en el diseño de viviendas, la armonía en la elección de materiales, y que adora dar rienda suelta a su imaginación y arriesgar cuando el cliente lo requiere, o cuando se trata de espacios comerciales. Mi pasión por las plantas y la naturaleza aporta a mis diseños esa calidez y vida de la que gozan los espacios armónicos y equilibrados.</p>
</div>
</div>



<div style="height:73px" aria-hidden="true" class="wp-block-spacer"></div>



<div class="wp-block-columns">
<div class="wp-block-column">
<p class="has-normal-font-size">Comencé mis estudios universitarios en la Facultad de Arquitectura Superior de la Universidad Politécnica de Valencia motivada por mi destreza con el dibujo y mi&nbsp; capacidad&nbsp; creativa,&nbsp; y&nbsp; ese fue mi primer contacto con el mundo del diseño, en el que decidí profundizar cuando inicié mis estudios de&nbsp; interiorismo en la EASD de Valencia. Una vez titulada como interiorista, me formé como consultora de Feng&nbsp; Shui en la EEFS y, en 2020, finalicé el máster en Retail Design en EsDesign Barcelona. En la carrera de Interiorismo se hace hincapié sobre todo en el diseño de viviendas, por lo que realizar el máster me ha ayudado a completar&nbsp; mis conocimientos en ese área. Esta rama del diseño de&nbsp; interiores me&nbsp; interesa mucho teniendo en cuenta mi perfil laboral y la riqueza creativa que suelen precisar este tipo de espacios. Mi experiencia profesional está relacionada, por un lado, con el área comercial y la dirección de equipos, habiendo pasado por dos empresas muy importantes dentro de sus respectivos sectores, Andreu World S.A. y Banco Santander S.A. y, por otro, con el diseño de interiores en Studio Soc Bou (Granada) y Nonna Design (Valencia).</p>
<p></p>
<p>En 2021 decido emprender un nuevo camino fundando <strong>MÉS QUE DISSENY STUDIO, </strong>con el único objetivo y la única ilusión de <strong>mejorar tu vida</strong>, utilizando el diseño y el trabajo de la armonía energética del espacio como herramientas de éxito. Porque, como ya he comentado, <strong>el diseño del espacio no se puede entender sin tener presente la armonía energética del mismo</strong>. Solo así podemos conseguir que realmente funcione y, por tanto, que repercuta positivamente en tu vida. Junto a ti hacemos <strong>más que diseño</strong>.</p>



<p></p>
</div>



<div class="wp-block-column">
<div class="wp-block-image"><figure class="alignright size-large is-resized"><img loading="lazy" src="https://mesquedisseny.com/wp-content/uploads/2020/11/20201116_205656.jpg" alt="" class="wp-image-1279" width="473" height="629" srcset="https://mesquedisseny.com/wp-content/uploads/2020/11/20201116_205656.jpg 1712w, https://mesquedisseny.com/wp-content/uploads/2020/11/20201116_205656-225x300.jpg 225w, https://mesquedisseny.com/wp-content/uploads/2020/11/20201116_205656-768x1023.jpg 768w, https://mesquedisseny.com/wp-content/uploads/2020/11/20201116_205656-1153x1536.jpg 1153w, https://mesquedisseny.com/wp-content/uploads/2020/11/20201116_205656-1538x2048.jpg 1538w, https://mesquedisseny.com/wp-content/uploads/2020/11/20201116_205656-600x799.jpg 600w" sizes="(max-width: 473px) 100vw, 473px" /></figure></div>



<p></p>
</div>
</div>



<div style="height:42px" aria-hidden="true" class="wp-block-spacer"></div>



<div class="wp-block-columns"></div>

<p>Graduada en Diseño de Interiores por la EASD de Valencia, con Máster en diseño de espacios comerciales (Retail Design) realizado en la Escuela Superior de Diseño de Barcelona (EsDesign), y titulada como&nbsp;consultora de Feng Shui por la Escuela Europea de Feng Shui (EEFS). Número de colegiado CDI CV: 200. http://www.fengshuieuropa.com/curriculums/maria-corella.html https://www.cdicv.com/socios/maria-corella-fernandez Enamorada de mi trabajo, [&hellip;]</p>
